lculate (5 - -11 - 24) + 16.
8
What is the value of -16 - (-38 - 0 - -18)?
4
What is the value of 27 + -49 + 14 - (0 - -15)?
-23
30 - (-8 - -18) - 23
-3
What is the value of -22 - 0 - (4 + -32)?
6
-7 - (8 - (-13 - (10 - 38)))
0
(7 - -3) + -20 - -27 - 2
15
22 - (-30 - (-74 - -13))
-9
What is the value of -17 - (-40 - (-11 + 6)) - -7?
25
-7 + (-12 - (-12 - 13))
6
What is 5 - (7 + -3 - 0)?
1
Calculate 8 - (-24 + 4 + 16).
12
What is 1 + 21 + (5 - 11) + (1 - 4)?
13
-6 + 9 + -5 + 2
0
What is 7 + -18 + 4 - -13?
6
7 + 2 - (-25 + (-9 - -32)) - -3
14
Evaluate 12 + 13 + 14 + -20 + 9.
28
What is the value of (21 - 12) + (-2 - -6) - (4 - 1)?
10
Evaluate (-14 - (16 + (-41 - 0))) + 4.
15
Calculate (-23 - -48) + (5 - 19).
11
What is the value of -7 + (-4 + -3 - (-5 + (4 - 6)))?
-7
2 + (0 + (8 - 1) - -6 - 7)
8
Calculate -19 + -30 + 1 + 37 + -18.
-29
What is the value of (-10 - (-2 + -1)) + -3 + 1?
-9
Calculate -6 - -9 - (-9 - -3).
9
What is -3 + (-3 - 0 - (-1 + -6))?
1
Evaluate -510 + 519 - (-1 + (33 - 2)).
-21
What is the value of 0 + 2 + -3 - -5 - (2 + 9)?
-7
What is 20 + -24 - (-3 + -5 + (2 - -8))?
-6
What is the value of (8 - (-18 - -44)) + 21?
3
Calculate 18 + -2 + (-44 + 25 - -19).
16
Calculate -2 - (-18 - (1 + -21)).
-4
What is the value of -33 + (-8 - (-35 - -17))?
-23
28 + 7 + -20 + (-18 - -9)
6
Calculate -11 + -32 + (30 - -18).
5
What is -1 - -6 - (19 - (17 + -11 + 1))?
-7
Evaluate (14 - 8 - (3 + -1)) + -15.
-11
Evaluate -39 - (2 + 10 + -44).
-7
Evaluate 6 - (17 + -18 + (-1 + 2 - 7)).
13
What is 51 + -39 + 31 + -3?
40
What is the value of -1 - (2 - 2) - -4 - (13 + 0)?
-10
Calculate -15 - -16 - -5 - -9.
15
Calculate -15 - (-25 + 19 + -4).
-5
What is 2 + ((-5 - -23) + 0 - (15 - 13))?
18
Calculate -3 + -6 + -10 + 23.
4
What is the value of -5 - ((-16 - -11) + -8)?
8
0 + (21 - 12) - 0 - 9
0
Calculate 49 + -51 - (-10 - 1) - -16.
25
What is the value of -2 - (-3 - (6 + -12 + -13))?
-18
Calculate -1 + 2 - (-28 + -37 + 57).
9
Calculate 19 + (-46 - -15 - -11) - (2 - 2).
-1
Calculate -25 + 5 + (-4 - -20) + -7 - -6.
-5
-1 - 1 - (73 + -85) - 3 - 5
2
Calculate -2 + -5 + 2 + (12 - 8) - 6.
-7
What is the value of -715 + 703 - (-15 + (2 - 1))?
2
What is the value of 40 + (-9 - 8) + -2 - (0 - 0)?
21
Calculate -24 + 61 + (26 - 68).
-5
What is the value of -11 - (25 - 46) - (-4 - 1)?
15
What is the value of -7 - (-3 + 15 + -9)?
-10
-2 - (-6 + (-7 - -16))
-5
Evaluate -75 + 34 - -41 - -3.
3
What is -6 + 0 + (-1 + 5 - -17 - -1)?
16
What is -20 + -13 + -8 + 50?
9
Evaluate (-104 - -78 - (-17 + 1)) + 15.
5
What is -1 + 7 - (33 + -13 - 4)?
-10
(-44 - (-15 + -26)) + -28
-31
What is the value of 8 - (8 + (10 - (-2 + 6)))?
-6
Calculate (8 + -25 - 31) + 31.
-17
What is 8 - 5 - (22 - 14)?
-5
-19 + (39 - 20) + -1 + -4
-5
Evaluate (27 - -1) + -574 + 547.
1
Calculate (-4 - (-4 - -3)) + 6 + 10 + -6.
7
(5 - 2) + -3 - -2 - 1 - 6
-5
What is -3 + (9 - (-10 + (1 - 2) + 15))?
2
-42 - 1 - (17 - 13 - 17)
-30
What is -100 + 52 + 39 + 2 + -2 + 5?
-4
-17 - 1 - (-2 - 1 - 5)
-10
What is -28 - (-59 - -13) - -1?
19
What is -3 - (-12 - (-6 - (1 + -15) - 4))?
13
Evaluate -1 + -2 + 3 + -27 + 31.
4
What is the value of -9 - (-20 - 6) - 6 - -2?
13
6 - (12 - 7 - -1) - -1
1
What is the value of 19 + -22 + -7 + (7 - 11)?
-14
What is the value of -3 - (17 + (-2 - 8))?
-10
Calculate -7 + (2 - 7) + -3 + 7.
-8
What is the value of (5 - (-1 - (5 + -6)) - 5) + 22?
22
(-3 - (2 + 11 + -18)) + (7 - 0)
9
Evaluate 82 + -86 - (1 + -4) - 4.
-5
Calculate (-5 - (9 - (27 + -7) - 0)) + -2.
4
What is the value of 9 - 1 - ((11 - 1) + (549 - 532))?
-19
What is the value of (-13 - (9 - 8)) + 18?
4
What is -45 + 25 - -8 - 10?
-22
Calculate -2 + 2 + -6 - -5 - 8.
-9
(4 - (-3 - -4)) + (-1 + 0 - -3)
5
Evaluate -32 + 29 + -14 + 0.
-17
Evaluate 13 + -2 - ((3 - 6) + 3 + 2).
9
0 + 11 + -37 + 27 + -13
-12
Evaluate -30 - -12 - -18 - -16.
16
What is (204 - 166) + 1 + -17?
22
Evaluate 0 + 9 + -25 - 3.
-19
Calculate -19 - (-21 + -1) - -23.
26
What is the value of 1 + -5 + 5 - 6 - -3?
-2
Calculate (-16 - (-10 - -18)) + (-4 - -5).
-23
Evaluate 5 - (13 + (6 - 6)) - (-3 + -5).
0
What is (0 - (-1 + -3)) + 4 + (-3 - -1)?
6
Evaluate (8 - 1) + (38 - 44).
1
Calculate (6 + 0 - (10 - 9)) + -8.
-3
Calculate 4 - -4 - (30 + -21).
-1
Evaluate -22 - (-2 - (17 + 10)).
7
(1 - -2) + 3 + (-121 - -117)
2
29 + -12 + (-14 - -35)
38
Calculate 2 - (4 + -33) - (44 - 34).
21
Calculate 5 - (-17 - (11 + -22)).
11
Evaluate -17 + 10 + 5 - (-3 + 2 + -2).
1
Calculate -10 + (-12 - (2 - 11) - 1 - -15).
1
Evaluate (39 - (64 - 18)) + 22.
15
What is the value of -52 - -70 - (-3 + 32)?
-11
(12 - 23) + (-1 - -2)
-10
(-15 - (-10 - -5)) + -5 + 8 + -8
-15
Evaluate -27 - (15 - 5 - 29).
-8
What is the value of (4 - 20 - -1 - -6) + 5?
-4
What is -3 + -2 + -297 + 312?
10
Evaluate (-14 - (6 - 5)) + 12 + 14 + 0.
11
25 - (32 - (9 - 2))
0
What is the value of (-238 - -259) + (0 - 27)?
-6
Evaluate (6 - -7) + -19 + 7.
1
What is 201 + -201 + (0 - 1) + 5 - -3?
7
What is -24 + -1 + 26 - -7?
8
(0 - -18 - (4 + 7)) + -16 + 34
25
12 + (16 - 20) + 1 + -8 + 0
1
Calculate -6 - (-1 - (-2 - -4)) - (-94 - -98).
-7
Calculate (-9 - 47) + 85 - (11 - 1).
19
Evaluate 8 - (-14 + (16 - -9)).
-3
-16 + (-6 + 6 - -45 - -8)
37
What is the value of -10 + 6 + (-4 - 0 - -5) + 4?
1
Evaluate (21 + -34 - -14) + 10.
11
What is the value of (-20 - 4) + (19 - -30 - 36)?
-11
What is -31 - -41 - (3 - (1 - -3))?
11
(5 - (11 - 0)) + 7 + 6
7
(-8 - 2) + (340 - 342)
-12
Calculate (34 - (-14 - (-4 - 15))) + -7.
22
Evaluate 17 + (-2 + 13 - 16).
12
Evaluate 0 - 8 - (-2 - -5) - (-830 - -797).
22
-4 - -10 - (11 - 1) - (-4 + 6)
-6
-3 - ((35 - 16) + -11)
-11
What is 9 - (-4 - -5) - ((-8 - -8) + -3)?
11
What is (49 - (-9 - -34)) + -26?
-2
What is the value of (-303 - -317) + (1 - -1 - -7)?
23
What is -20 + (3 - -8 - (4 - 0))?
-13
19 - (6 + 0 - -10)
3
What is -60 + 80 + -40 + 3?
-17
What is (28 - (-19 - -38)) + -6 + 2 + -15?
-10
Evaluate 3 + (-3 - -7) + -16 + 12.
3
What is -15 + 11 + 2 - 7?
-9
Calculate -7 - ((9 - 1) + 2 - (5 - 2)).
-14
Evaluate -6 + (0 - -5 - (-2 + -3 + -10)).
14
(-3 + -1 - -2 - 4) + (-510 - -528)
12
What is the value of -18 + -6 - (61 + -68)?
-17
5 + (3 - -2 - 9) + (11 - 1)
11
Calculate -1 + -2 + -31 + 20.
-14
-44 - -1 - -21 - (-2 + 2) - -2
-20
Calculate -19 - (-20 - (-13 + -7)).
-19
-18 - -15 - (6 - 9 - -10)
-10
Calculate (2 - -6 - -3) + (11 - (-2 + 7)).
17
Evaluate 2 - 26 - (-388 + 373).
-9
94 + -66 - (12 + 13)
3
What is (-12 + 14 - -11) + -4 + 11?
20
Evaluate 0 - -3 - (-1039 - -1082).
-40
Evaluate 10 + 2 + (-19 - -8).
1
Calculate (15 - (-16 - -31)) + -12.
-12
What is 14 - (-5 + -1 - -12)?
8
Calculate 8 - (-5 - (-15 + 7 - 4)).
1
Evaluate 19 - (42 + -18) - ((-1 - 1) + -2).
-1
(-21 - (0 + -13)) + (-2 - -4) + 1
-5
What is the value of (10 - (-9 - (7 - 8))) + -1?
17
Calculate -4 - (10 + -52 + 36).
2
What is 5 + (0 + -4 - -4) - (-31 + 27)?
9
What is 0 + (-3 - ((6 - 12) + 2)) + 6?
7
What is -2 + (-17 - -14) - ((3 - 3) + -24)?
19
29 + (-29 - 3) + 16
13
(-566 - -559) + 1 + -2 + 16
8
Calculate -14 - -2 - (-4 - 14).
6
7 + (-30 - 0) + -2
-25
Evaluate -20 + (-5 - -22) + 8.
5
2 - (17 - 4 - (-33 - -27))
-17
What is 11 - (1 + -9 + 0 + 7)?
12
Calculate 1 + -11 - (14 - 21).
-3
What is the value of (28 - 33) + -2 + 5 + -3 + 1?
-4
Calculate (4 - 1 - -7) + 33 + -21.
22
What is -18 + (20 - 17) + 36 + 20?
41
What is the value of (-8 - (-3 - 0)) + -13?
-18
Calculate -22 - (-2 - -10) - -30.
0
Calculate -11 + (12 - 11) + -7 + 11.
-6
Calculate -7 + 11 + -18 + 23.
9
(11 - -10) + (-2 + -4 - 3)
12
-10 + 15 - (-3 + 10 + -4)
2
(7 - -6 - 22) + 16
7
Evaluate 1 - -5 - (10 - (18 - 4) - 1).
11
Evaluate -8 - (1 + -7 + 16 + -4 - 9).
-5
What is -30 + (0 - -25) - (3 - 3 - 18)?
13
Evaluate 3 + 1 + (4 - -2) + (2 - 21).
-9
What is the value of -1 + 0 + -32 + 17?
-16
(21 - -2) + 23 + -38 + 8
16
What is -19 + 1 + 2 + (0 - (31 - 32))?
-15
4 - (3 + -5) - (-7 + -2 + 6)
9
Calculate (-18 - -62) + -33 + -14 + 0 + -3.
-6
What is -1 + 1 - -5 - 8?
-3
Calculate (-20 - (-29 + 5)) + 17.
21
(-44 - 6 - -43) + -15 + 3
-19
What is -9 - (-31 + 4 + -1 - (17 + -20))?
16
Evaluate 18 + (-18 - 3) + 6.
3
-6 + 27 + -16 - (1 - 10)
14
What is 30 - 1 - (-795 - -811)?
13
What is 4 + 9 + -24 + 3?
-8
Calculate 33 + -11 - (-3 + (2 - (1 + -5))).
19
What is (-45 - -51) + -1 + -2 + -1 + 0?
2
W